base 14, what is -5 + 3a47dc37?
3a47dc32
In base 15, what is 282095 + 3?
282098
In base 12, what is -19b7b7b - -1?
-19b7b7a
In base 12, what is -34b5a + 105?
-34a55
In base 14, what is -405ac6 - -b?
-405ab9
In base 2, what is -10001001100111110010011101101 - -1?
-10001001100111110010011101100
In base 9, what is -528 - -66455?
65826
In base 11, what is 1 - a247494?
-a247493
In base 7, what is 50 - 504151?
-504101
In base 7, what is -3255162043 + 6?
-3255162034
In base 5, what is -4402240223 - 111?
-4402240334
In base 15, what is 7eac + 1e?
7ecb
In base 16, what is -2 - 6ea63e?
-6ea640
In base 8, what is -4315 - 2362?
-6677
In base 16, what is -12815 - -5e7?
-1222e
In base 7, what is 23 - 30505225?
-30505202
In base 6, what is 35024232204 - 0?
35024232204
In base 13, what is c8 - -782b1?
783a9
In base 7, what is 2 - -33614055?
33614060
In base 13, what is -12b98645 - -5?
-12b98640
In base 15, what is 817205 - 6?
8171ee
In base 10, what is 1 - -2947954?
2947955
In base 12, what is -16145 - -43a?
-15907
In base 12, what is 19b6 + 14549?
16343
In base 15, what is 12e - 29a24?
-298e5
In base 14, what is -4dab + -8b3?
-5880
In base 12, what is 3b572a - 1?
3b5729
In base 8, what is 40307736 + 4?
40307742
In base 2, what is 1101000101 + 111100110111000100?
111101000100001001
In base 12, what is 3 + 1b887b2?
1b887b5
In base 16, what is -82114e - -19?
-821135
In base 9, what is -21276863 + 5?
-21276857
In base 15, what is -17944b9 - -5?
-17944b4
In base 9, what is 2320 + 3875?
6305
In base 7, what is 1113 - 15524?
-14411
In base 3, what is -12 - -1121201222102?
1121201222020
In base 5, what is 3100213 - -3004?
3103222
In base 8, what is 3416 - 4331?
-713
In base 6, what is 142040314 - -102?
142040420
In base 6, what is 5 - 22152434333?
-22152434324
In base 12, what is -3317b7 - -86a?
-330b49
In base 4, what is -332 + -333031211?
-333032203
In base 16, what is 1 - b77704?
-b77703
In base 7, what is 0 - -114051152?
114051152
In base 3, what is 2212210 - -11201122?
21121102
In base 12, what is 40 + 52b8110?
52b8150
In base 3, what is 201010 + 121211201?
122112211
In base 2, what is 0 - -100000110101000000110011?
100000110101000000110011
In base 11, what is 202262517 - 4?
202262513
In base 5, what is 220 + 321311210?
321311430
In base 12, what is 4 + -803127?
-803123
In base 14, what is -b7432 + -15?
-b7447
In base 12, what is -25a3 + 2a705?
28122
In base 13, what is -2 - -91548a5?
91548a3
In base 15, what is dc5 + -b95?
230
In base 15, what is 9b757 + b?
9b763
In base 2, what is -101 + 111011010100001111111?
111011010100001111010
In base 14, what is 18724 - -50d?
18c33
In base 6, what is -400440322 - 0?
-400440322
In base 12, what is -14449ba + b?
-14449ab
In base 2, what is 11111011100010110010101 - -100?
11111011100010110011001
In base 14, what is 10285 + -4c?
10237
In base 11, what is 24321 + 23?
24344
In base 7, what is 11 + 4512566?
4512610
In base 10, what is -3 - -1571858?
1571855
In base 10, what is -153341 - 540?
-153881
In base 6, what is -12320 - -41540?
25220
In base 12, what is -672302b3 + 5?
-672302aa
In base 10, what is 3 + 138480795?
138480798
In base 4, what is -1221023112300 - 3?
-1221023112303
In base 4, what is -2 + 1102111212313?
1102111212311
In base 5, what is 3241324 - -24012?
3320341
In base 5, what is -313 + -331241?
-332104
In base 13, what is -68a4757 - 12?
-68a4769
In base 7, what is 446 + 123360?
124136
In base 5, what is 1312334 - -2422?
1320311
In base 16, what is -1 - -cdfef86?
cdfef85
In base 2, what is 100000000 - -101010000111?
101110000111
In base 12, what is 14 + -577934b?
-5779337
In base 2, what is -10011001111100110111100001 + -100?
-10011001111100110111100101
In base 2, what is 11000000001011 - -1101000010010101?
10000000010100000
In base 7, what is 3265235 - -3126?
3301364
In base 10, what is -8606 + -94503?
-103109
In base 4, what is 11013 - -112302333?
112320012
In base 10, what is -2199 - 491?
-2690
In base 8, what is -256415745 - -4?
-256415741
In base 14, what is -4 + 33b2cd7?
33b2cd3
In base 4, what is -32130 - -200000?
101210
In base 13, what is 895588 - -25?
8955b0
In base 6, what is -5304225 + -21?
-5304250
In base 8, what is -70417 - -2426?
-65771
In base 13, what is -8 + -36bc66?
-36bc71
In base 2, what is 101 + -1101001011100010101000?
-1101001011100010100011
In base 12, what is -62b3a + 9?
-62b31
In base 4, what is 31123023 + -103302?
31013121
In base 7, what is -25355103635 + 1?
-25355103634
In base 3, what is 20000 - -12122202101?
12122222101
In base 2, what is -10111001100000111100 - 10001000?
-10111001100011000100
In base 14, what is -4cd - -2112c?
20a3d
In base 10, what is 2013 - -231501?
233514
In base 11, what is -6 + -18396484?
-1839648a
In base 9, what is 6346 - -3770?
11226
In base 3, what is 1110112 - -120101012212?
120102200101
In base 9, what is 4 - -116062?
116066
In base 11, what is -4013996a + -10?
-4013997a
In base 12, what is 1608 + 12ab4?
14500
In base 9, what is 2 + -21756?
-21754
In base 13, what is 9557621 + 2?
9557623
In base 3, what is 2 + 2001020211111121?
2001020211111200
In base 15, what is 72 - -e7003?
e7075
In base 7, what is 1506121 + 43?
1506164
In base 14, what is -50844 - -140?
-50704
In base 6, what is -1001 + -4422044?
-4423045
In base 9, what is 105128 + 5?
105134
In base 3, what is 1012222100 + 2021102?
1022020202
In base 8, what is -3551226 - -105?
-3551121
In base 4, what is -1 + 3130033231222?
3130033231221
In base 16, what is 4f05 - -234?
5139
In base 15, what is 1 - -311951?
311952
In base 10, what is 724 + -279684?
-278960
In base 2, what is 110 + -10000100001001001000010?
-10000100001001000111100
In base 13, what is -703b78 - 9?
-703b84
In base 12, what is 16a1 + -2224aa?
-220a09
In base 6, what is -43425 - -4443?
-34542
In base 7, what is -21401036 + 3?
-21401033
In base 5, what is 314443 - -24033?
344031
In base 6, what is 20125205332 - 1?
20125205331
In base 15, what is 39a144 + 15?
39a159
In base 6, what is -421150 + 442?
-420304
In base 3, what is 102101 - -112121212?
120001020
In base 5, what is -42323 - 3041001?
-3133324
In base 10, what is -163198 - 1122?
-164320
In base 16, what is 124 - 26488c?
-264768
In base 8, what is -33 - -1507734?
1507701
In base 5, what is -143 - -1242411030?
1242410332
In base 8, what is 35053 + 120243?
155316
In base 8, what is 1036123 + -61?
1036042
In base 13, what is 1c86a733 + -2?
1c86a731
In base 8, what is -64763 + -1743?
-66726
In base 9, what is -24 - 25580454?
-25580478
In base 2, what is 100110110001111101 - 11011110?
100110101110011111
In base 13, what is 1014 - 23c0b?
-22bc7
In base 16, what is -3 - -5393a29?
5393a26
In base 14, what is -6 + -6170a3c?
-6170a44
In base 8, what is 555324 + 5404?
562730
In base 3, what is 1202110121 + -1002122101?
122211020
In base 12, what is 108 + 41a8?
42b4
In base 10, what is 1095472 + 399?
1095871
In base 14, what is 4ac757 - 25?
4ac732
In base 14, what is 88723 + 7?
8872a
In base 14, what is -b5db - -29?
-b5b2
In base 4, what is 20230303112 - 310?
20230302202
In base 4, what is 1032131 - 2023031?
-330300
In base 6, what is 2102030 + -2121?
2055505
In base 3, what is -1001002121111122 - 10?
-1001002121111202
In base 7, what is 244123146 - -2?
244123151
In base 6, what is 5 + 14002155504?
14002155513
In base 16, what is 54e + 285f?
2dad
In base 2, what is -110001000010011001 - 11010011?
-110001000101101100
In base 12, what is -a01 - -72694?
71893
In base 7, what is 3 + 4436236224?
4436236230
In base 16, what is 4738c - -a?
47396
In base 3, what is 12 + -101110112102222?
-101110112102210
In base 7, what is -440 + 1463166?
1462426
In base 6, what is 4402354 + -4?
4402350
In base 11, what is -2882 - 944?
-3716
In base 10, what is 4695992 + 17?
4696009
In base 11, what is 3 + 8477250a?
84772512
In base 15, what is 6d9a14 - -b?
6d9a20
In base 13, what is 2a + 3957?
3984
In base 3, what is -21 + 11010110210000?
11010110202202
In base 7, what is -65551 + 110?
-65441
In base 2, what is -1111011110101010000 - 111?
-1111011110101010111
In base 6, what is -302405234 + -42?
-302405320
In base 16, what is -13 + ca312?
ca2ff
In base 11, what is -3 - 1846847?
-184684a
In base 10, what is 1140 + 2471?
3611
In base 7, what is -35205236 - -11?
-35205225
In base 2, what is -10111010000000011